ns digit of o(11)?
2
Let x be (-67)/3 + (-2)/3. Let m = x - -36. What is the tens digit of m?
1
What is the tens digit of ((-90)/(-4))/((-2)/(-4))?
4
Suppose -2*w + w = 1. What is the units digit of 3 + (3 - w) - -2?
9
Let o = 0 - -5. Suppose -z = 5*s - 22, -4*z = 2*s - o*z - 6. What is the units digit of s?
4
Let l = -6 - -5. What is the tens digit of 1 + -1 + l + 12?
1
Suppose -2*k - k = -324. What is the hundreds digit of k?
1
Let n = 20 - 12. Let f be (-10)/n + 3/12. What is the units digit of 2*f/2 + 12?
1
Suppose 82 = 4*g - 2*j - 66, 4*g + 4*j = 148. Suppose 5*v - 3*l - 168 = 0, 0 = -2*v + v + 4*l + g. Let i = -22 + v. What is the units digit of i?
1
Let b = 1 - -5. Let x(q) = 14*q - 6. Let t be x(6). What is the units digit of t/9 - 4/b?
8
Let o(w) = -w**3 + 6*w**2 - 7*w + 3. Let a be o(5). Let f = 5 - 15. Let t = a - f. What is the units digit of t?
3
Let p(b) be the second derivative of 4*b**3/3 - 2*b**2 - b. Let u be p(-4). What is the units digit of u/8*2*-1?
9
Suppose -2*w - 6*f = -f - 522, f = -2*w + 538. What is the hundreds digit of w?
2
Suppose 0 = 3*k + k - 380. What is the tens digit of k?
9
Suppose 5*f = -2*g + 5, -2*g + f - 1 = -4*g. What is the tens digit of g - 1/(4/(-52))?
1
Suppose -4*q - 3*n + 2*n = 5, -2*q - 2*n = 10. Suppose q = -3*g + 2 + 13. What is the units digit of g?
5
Let c be (2/(-5))/((-3)/15). Let y(h) = h - 1. What is the units digit of y(c)?
1
Let m(f) be the first derivative of -f**2 + 9*f - 1. Let k be m(-8). Suppose k = 5*v, 4*v + v - 47 = -2*w. What is the units digit of w?
1
Let q = -39 + 69. Suppose 0 = 3*l + 2*m - q, l - 3*m - 14 = -5*m. What is the units digit of l?
8
Let j be ((-24)/(-18))/((-2)/(-87)). What is the units digit of j/10 + 10/50?
6
Suppose -2*g = 2*g + 20, 4*g = 5*l - 160. What is the tens digit of l?
2
Let z be (0 + 0)/((-8)/4). Suppose k + 2*k = -o + 58, k + 2*o - 21 = z. What is the tens digit of k?
1
Suppose 0*p - 3*p - 12 = 0. Let q = p - -10. What is the units digit of q?
6
Let n(d) = 2*d**3 - d**2 + 6*d - 1. Let p(g) = -g**3 + g**2 - 6*g. Let s(w) = -2*n(w) - 3*p(w). What is the tens digit of s(-4)?
2
Suppose 0 = z - 0*z - 18. Suppose 5*y = -2*v + z, 0*v - 5*v - 3*y + 26 = 0. What is the units digit of 2*1*2/v?
1
Let n(h) = 2*h**2 + 3*h**2 + h**2 - h**2. What is the tens digit of n(2)?
2
Suppose 2*w = s - 31, -2*s + 2*w - 11 = -81. What is the units digit of s?
9
Suppose 2*g - 518 = -4*s, 3*s - 2*g - 384 = g. What is the hundreds digit of s?
1
Suppose -7*c + 6*c - 5*m = -291, -1212 = -4*c - 4*m. What is the hundreds digit of c?
3
Let b be (3 - 4/2) + 45. Suppose -4*c + c + 6 = 0. Suppose -4*l + c*t + t + b = 0, 4*l - 4*t = 44. What is the tens digit of l?
1
Let j = -4 - -3. Let b be j + (1 - (-24 + 2)). Suppose -4 + b = 3*y. What is the units digit of y?
6
Let o(r) = r + 53. What is the tens digit of o(27)?
8
Let x = 41 + 26. What is the units digit of x?
7
Suppose 10 + 2 = c. What is the tens digit of c?
1
Suppose -57 = -0*z - z + k, -4*k = -2*z + 118. What is the units digit of z?
5
Let d = -6 + 10. Suppose -5*j - 13 = c + d, -5*j = -5*c + 5. What is the units digit of c + (-4)/(12/(-27))?
7
Let l be (1/2)/((-2)/12). Let a = 5 - l. What is the units digit of a?
8
Suppose 0 = -6*f + 5*f, -3*f - 375 = -5*w. What is the tens digit of w?
7
Suppose 3*q + 2 = 5*v, -8 = 4*v + 5*q + 20. Let z be (7*-3)/(-3) + v. Let m = z - -1. What is the units digit of m?
6
Let z(r) = 2*r**2 + 5 + 10*r - 6 - r**2 - 2. What is the tens digit of z(-12)?
2
Suppose 0 = -3*d + 2*x - 78, 4*d - x = -47 - 52. Let q = 37 + d. What is the units digit of q?
3
Let s(d) = d**2 - 6. What is the units digit of s(4)?
0
Let g = 88 + -54. What is the tens digit of g?
3
Let a = -65 + 152. What is the units digit of a?
7
Let w = 19 - 17. What is the units digit of 23 + (1 - (-4)/w)?
6
Let p = 7 - 3. Suppose -n + 14 = j, 39 = 3*n - 0*n + p*j. What is the tens digit of n?
1
Let z(j) = 2*j**2 - 15*j - 2. What is the units digit of z(10)?
8
Suppose -2*p + p = -2, 2*k - 4*p = 350. What is the hundreds digit of k?
1
Suppose 3*g + g - 4 = 0. Let t = 20 + g. What is the units digit of t?
1
Let s = 67 + -44. What is the tens digit of s?
2
Let j be -1*15*3/9. Let m(a) = -6*a + 2 - a**2 + 0 + 0. What is the units digit of m(j)?
7
What is the tens digit of 41 - 4 - 2/2?
3
Suppose 0 = 5*d + 4 + 1. Let i be (d + 0/(-1))*-2. What is the units digit of (0/(-3) - i) + 3?
1
Let n = 44 - 22. Let b = 36 - n. Let o = 22 - b. What is the units digit of o?
8
Let t(c) = -2*c + 1. Let d = -10 - -6. What is the units digit of t(d)?
9
Let f(r) = 2*r - 4. Let w be f(4). Suppose 0 = 2*i - w - 6. Suppose p - 4*c - 19 = 0, 3*p + i*c - 13 = 6*c. What is the units digit of p?
3
Suppose 2*j - x = 14 + 36, 5*j = -5*x + 155. What is the tens digit of j?
2
Suppose 3*a = -6, a = 5*b + 3*a + 4. Suppose n - 2 = -b*n. What is the units digit of n?
2
Let l(g) = -g + 17. What is the tens digit of l(6)?
1
Suppose 0 = -3*n + 4*n - 35. What is the units digit of n?
5
Suppose 4*h + 92 = 4*y, 3*y - 3*h = 2*y + 23. What is the tens digit of y?
2
Suppose -3*g + 1 + 44 = 0. Suppose 2*f = 5*f - g. What is the units digit of f?
5
Let p be (3/(-1) + 3)/(-1). Suppose p = -n + 8 + 7. What is the tens digit of n?
1
Suppose 2*n + 2*x = 4, 5 = -2*n + 4*x + 3. What is the units digit of 4/12*(n - -2)?
1
Let t(l) = l**3 - 11*l**2 - 11*l - 9. Let d be t(13). Suppose 110 = 3*h + j, j = -5*h + 2*j + d. What is the units digit of h?
7
Let o(w) = 2 + 2 - w - 4 - 1. What is the units digit of o(-2)?
1
Let a = -6 + 7. Let k = a - 0. What is the units digit of (10 + 3)*(k + 0)?
3
Let f(x) = 2*x**2 - 2*x. Let n(d) = d**2 - 2*d. Let q(w) = -2*f(w) + 3*n(w). Let o be q(-3). What is the units digit of 2 + o - 1*-10?
9
Let z(g) = g**2 - 8*g - 1. What is the units digit of z(12)?
7
Let d(b) = 6*b**3 - b. What is the units digit of d(1)?
5
Let t = -118 + 166. Let q be 2/5 - (-2)/(-5). Suppose q = 4*w + 8 - t. What is the units digit of w?
0
Let l(z) = z**2 + 7*z. Let n be l(-5). Let v be 2/10 - (-2)/n. Suppose 4*t - 5*j = -v*t + 40, 36 = 4*t - 4*j. What is the units digit of t?
5
Suppose -4*i + 4*h + 36 = -2*i, h - 19 = -3*i. Let a = -6 + i. What is the units digit of a?
2
Let t = 31 - 55. Let k = -13 - t. What is the tens digit of k?
1
What is the hundreds digit of ((-5 + 1073)/(-4))/(3/(-2))?
1
Let r = 1 + 13. What is the tens digit of r?
1
Let h = -192 - -314. What is the tens digit of h?
2
Suppose 0 = k + 4*r + 6, 4*k + 0*r + 6 = 2*r. Let z be 5 - (3/(-3) - k). Suppose 0 = -0*a + z*a - 12. What is the units digit of a?
3
Let q be 11 + -4*1/2. Let v = q + -6. What is the units digit of v?
3
Suppose -2*m = 4*v - 3 - 3, -2*v - 3*m = -9. What is the units digit of (-1 - v)*(-5 + -2)?
7
What is the tens digit of (272/(-40))/(4/(-10))?
1
Let t(x) = -5*x - 3. Let s be t(-4). Suppose 5*k - 25 - 9 = -3*q, -4*q - k = -s. What is the units digit of 9 - (q/3 + 1)?
7
Let n = 54 - 61. Let l(z) = -6*z**2 + 0*z**3 - z**3 + 0 + 6*z - 3. What is the units digit of l(n)?
4
Suppose 0 = -s + 2*n + 54, -4*s + 3*s - n = -48. What is the tens digit of s?
5
Let f = 68 - 40. What is the tens digit of f?
2
Suppose 10*l = 8*l + 54. What is the units digit of ((-13)/(-3))/(3/l)?
9
What is the units digit of 4425/40 - 9/(-24)?
1
Suppose 95 = 5*z + 10. Suppose 3*w - n = -0*n + z, -w + 5 = -n. Let t = w - -7. What is the units digit of t?
3
Suppose 4*f + 14 = -5*i, 2*f - 10 = 3*i + 4*f. Let t = i - -9. Suppose 0 = -2*o + y, -4*o + y + 8 = t*y. What is the units digit of o?
1
Let g(a) = 76*a**3 + 2*a - 2. What is the tens digit of g(1)?
7
Let n(q) = q**3 + 2*q**2 - 2*q - 2. Let o be n(-2). Suppose 6*u - o = 8*u. What is the tens digit of (-3 - u)*(-1 - 9)?
2
Let t(i) = i**3 + 8*i**2 + 8*i + 8. Let j be t(-7). Let v = 2 - j. What is the units digit of v?
1
Suppose -2*t - 2*t = -144. What is the tens digit of t?
3
Let d(l) = -l**3 - 9*l**2 + 7*l + 8. Let y(s) = -s**3 - 9*s**2 + 8*s + 7. Let v(j) = -6*d(j) + 5*y(j). What is the units digit of v(-9)?
5
Let r = -9 - -14. Suppose 0 = 3*m - 79 - 26. Suppose 0 = -0*d + r*d - m. What is the units digit of d?
7
Let n(q) = q + 5. Let b be n(8). Suppose -2 = -5*o + 18. Suppose z + 2*z - 14 = 2*r, -b = -o*z - 3*r. What is the units digit of z?
4
Let z(d) = -3*d - 9. Let x(r) =